- 1076 = 5*f. What are the prime factors of f?
2, 3, 5
Let l be (0/(-3) - 0) + 2. Suppose l*w + 18 + 26 = 0. Let h = w + 38. What are the prime factors of h?
2
Let o(a) = 57*a - 5. Let r(f) = -28*f + 2. Let x(s) = 3*o(s) + 7*r(s). Let b be x(-1). List the prime factors of 2/(-2) - (-6 - b).
29
Let d(k) = -k + 31. Suppose 6*r = 3*r + 51. List the prime factors of d(r).
2, 7
Suppose -2*r + 5*q + 3670 = 3*r, 15 = 3*q. List the prime factors of r.
739
Suppose 3*b + 3 + 17 = 5*x, -2*x + 8 = 0. Suppose 2*g - 1 - 7 = b. Suppose -4*r + 23 = 3*t, r + 3*r + g*t = 28. List the prime factors of r.
2
What are the prime factors of (14 - 7) + 192*2?
17, 23
Suppose 4*u - 3*u - 8 = 0. Suppose -396 = -u*y - 4*y. What are the prime factors of y?
3, 11
Let u = -184 - -318. Let n = -82 + u. List the prime factors of n.
2, 13
Suppose 0 = 7*h - 744 - 4898. What are the prime factors of h?
2, 13, 31
Suppose u + 4*u = -45. Let l be (-2172)/(-54) + 2/u. Let f = l - 26. What are the prime factors of f?
2, 7
Let k be ((-3)/12)/((-2)/32). Let g be (k + 76/(-16))*-4. Suppose -o + 108 = g*j + o, 4*o = 3*j - 108. What are the prime factors of j?
2, 3
Let c be 0 + -5 + 1 - -1. List the prime factors of ((-2)/3)/(c - (-961)/321).
107
Suppose -15 = 21*t - 24*t. Suppose 3*v + 288 = t*v. What are the prime factors of v?
2, 3
Let z = -54 - -104. Let m = 156 - z. List the prime factors of m.
2, 53
Suppose 4*o + d = 5468 + 7613, -o = d - 3271. List the prime factors of o.
2, 3, 5, 109
Let n(g) = -5*g + 263. List the prime factors of n(5).
2, 7, 17
Let d = -19 + 28. Suppose -z + d + 7 = -4*w, w + 15 = 3*z. List the prime factors of 34/(3/3) - z.
2, 3, 5
Let j(q) = -2*q**3 + q**2 - 5*q + 17. What are the prime factors of j(-4)?
181
Let i(o) = 2*o**2 - 32*o - 30. Let z be i(17). Suppose 0 = -5*f + n + 1597, z*f + 4*n = 5*n + 1277. List the prime factors of f.
2, 5
Let i = 2513 + 119. What are the prime factors of i?
2, 7, 47
Suppose s - 3*q = -1 + 8, 0 = 3*q - 9. Let p = s + -8. What are the prime factors of p?
2
Let u be 728/35*(7 + -2). Let m = -22 + u. List the prime factors of m.
2, 41
Let k(f) = 41*f**2 + 7*f + 3. List the prime factors of k(-2).
3, 17
Let v(x) = x**3 - 7*x**2 - 6*x + 2. Let a be v(7). What are the prime factors of (-8)/(-3 + (a/(-6) - 4))?
2, 3
Suppose 3*b = -3*t, 3*b = -0*b + t. Suppose 2*l + 13 = 55. Let n = l + b. List the prime factors of n.
3, 7
Suppose 4*f - w - 592 = 1251, -f - 5*w + 466 = 0. What are the prime factors of f?
461
Let w(x) = -x**2 - 18*x + 19. Let a be w(-16). Suppose 5*y + 2*c = a, 0 = y + y - 2*c - 26. List the prime factors of y.
11
Suppose -233550 = -57*b - 33*b. List the prime factors of b.
3, 5, 173
Suppose 2*m = s - 120, 5*s + 2*m = 773 - 185. Suppose 2*o = -2*o + 4*d + 136, -4*o - 2*d + s = 0. List the prime factors of o.
31
List the prime factors of -1*(32/(-8) + -769).
773
Suppose 2*g + 3 + 9 = 0. Let i = g + 14. Let r(b) = b**3 - 8*b**2 - b + 11. What are the prime factors of r(i)?
3
Let o(v) = 23*v - 2. Let u be o(3). What are the prime factors of u/(-4 + 4 - -1)?
67
Let g = 26 + -20. Suppose l = 3*l + g. List the prime factors of 22 + 0 - (l - -2).
23
Let s(c) = -c**3 + 25*c**2 + 37*c - 41. What are the prime factors of s(26)?
5, 7
Let l(v) = -v**3 + 5*v**2 + 9*v + 8. Let w be l(7). Let k = 72 + w. List the prime factors of k.
3, 5
Suppose 2*i - 7*i + 1000 = 0. Suppose -5*p - 55 + i = 0. Let o = p - 21. What are the prime factors of o?
2
Suppose 0 = -c + 23 + 26. Let d = c - 33. List the prime factors of d.
2
Let k = 48 - 49. Let r(j) = -18*j**2 + 4. Let z(i) = 55*i**2 - 11. Let l(d) = 11*r(d) + 4*z(d). List the prime factors of l(k).
2, 11
Suppose 4*z - 5*n - 17560 = 0, -3*z + 2*n = -2*n - 13171. What are the prime factors of z?
5, 877
Let w(a) = -16*a + 2. Let l(t) = -t - 1. Let r be l(3). Let k be w(r). Suppose 0 = -5*z, c + 2*c - 5*z = k. What are the prime factors of c?
2, 11
Suppose 0*a - 2*r - 18 = 4*a, a - 5*r = -32. Let g(d) = 4*d**2 - 12*d - 43. List the prime factors of g(a).
3, 79
Let z(y) = -14*y + 7. Let r be z(8). Let d = -40 - r. What are the prime factors of d?
5, 13
What are the prime factors of 1406/(1 + -5 - -6)?
19, 37
Let q(v) = v - 15. Let b be q(17). Let w(z) = -z - 2. Let l be w(-5). Suppose -l*p = b*p - 170. What are the prime factors of p?
2, 17
Let l = 411 - 167. List the prime factors of l.
2, 61
Let c(n) = n**3 - 4*n**2 - 5*n + 3. Let m be c(5). Suppose 0*y - y = -m. What are the prime factors of (0 + y + 35)*1?
2, 19
Let t = 879 - 108. What are the prime factors of t?
3, 257
Suppose 4752 = 4*y + 8*y. List the prime factors of y.
2, 3, 11
Let h be (-11190)/24 + -2 + (-18)/(-8). What are the prime factors of ((-4)/(-4))/(-2 + h/(-232))?
2, 29
Let n(y) be the third derivative of -y**4/8 + 31*y**3/6 + 7*y**2. What are the prime factors of n(0)?
31
Let r(a) = -6*a + 16. Suppose t + 195 = 5*q + 6*t, -5*q + t + 213 = 0. Let i be q/(-9) + 6/(-18). What are the prime factors of r(i)?
2, 23
Suppose -168 = -t - 6*t. Suppose -3*p - 3*r = -t, -r - r = 0. List the prime factors of p.
2
Suppose 11*m = 14*m. Suppose -5*r - z - 11 + 33 = m, z = 2*r - 6. Suppose 5*j - 74 = 3*k, -j - 3*j + 56 = -r*k. List the prime factors of j.
2
Let m = 36 - 31. Let a(d) = d**3 - 4*d**2 + 6*d - 7. List the prime factors of a(m).
2, 3
Suppose -47388 = 21*q - 43*q. List the prime factors of q.
2, 3, 359
Suppose -5*y = -4*m - 229, 5*y - 3*m - 152 = 81. List the prime factors of 1 + 10/5 + y.
2, 13
Suppose -f - 2*b + 0*b + 665 = 0, -1335 = -2*f + b. List the prime factors of f.
23, 29
Suppose 0 = -3*i - a + 52, a = 3*i + 5 - 67. Let z be (i/2)/((-4)/8). Let t = z - -44. List the prime factors of t.
5
Suppose -3*o = -10 + 4. Suppose -o*s + 0*s + 94 = 0. Let f = -25 + s. List the prime factors of f.
2, 11
Let l(k) = -k**2 - 6*k - 4. Suppose 0 - 4 = r. Let p be l(r). List the prime factors of 134*(-4)/(-2*p).
67
Let v(a) = -211*a**3 + a**2 + 6. Let i(c) = -422*c**3 + 2*c**2 + 13. Let r(t) = -6*i(t) + 13*v(t). What are the prime factors of r(-1)?
2, 53
Let a = -2 - -8. Let w(h) = h - a*h**2 + 4*h - 6*h - 2*h**3 + 2 + 2. List the prime factors of w(-4).
2, 5
Let t(i) = 486*i**3 + i**2 - 5*i + 4. List the prime factors of t(1).
2, 3
Let f = -5 - -22. Let b = -13 + f. Suppose 5*l = -2*d + 22, -3*d = -2*l + b*l - 11. What are the prime factors of l?
2
Let v(u) be the third derivative of -3*u**6/40 - u**5/10 - u**4/12 + u**3/3 + 3*u**2. List the prime factors of v(-2).
2, 3
Let f = 7559 + -4873. What are the prime factors of f?
2, 17, 79
Let b(v) = -2*v + 1. Let y(s) = -61*s - 44. Let f(d) = 2*b(d) - y(d). List the prime factors of f(4).
2, 137
Suppose 14*l - 13*l - 379 = 0. List the prime factors of l.
379
Let g(r) = r**3 + 11*r**2 + 2*r + 15. Let i be g(-12). Let a be (-13)/(-52) + i/4. Let l = -21 - a. What are the prime factors of l?
17
Suppose 3*x - 5 - 7 = 0. Suppose -x*n - 2*m + 1041 - 429 = 0, 0 = n - 4*m - 153. Suppose 3*c = -0*c + n. List the prime factors of c.
3, 17
Suppose 5*q + q = 0. Suppose 4*t - y - 366 = q, -5*t + 42 + 423 = -5*y. List the prime factors of t.
7, 13
Suppose -11*v = -0*v - 1782. Suppose -874 = -8*n - v. What are the prime factors of n?
89
Let m(y) = -7*y + 64. List the prime factors of m(-8).
2, 3, 5
Suppose 0 = -6*v + 768 + 1074. What are the prime factors of v?
307
Let j = -29 - -36. Let z(l) = 13*l + 1. List the prime factors of z(j).
2, 23
Suppose 0 = y - 18 - 14. Let a = y - 18. Suppose 0 = m, 0 = 2*l - 5*m - a. List the prime factors of l.
7
Let z be (-4)/(-18) - 4/18. Suppose z = -4*l + 3*a - 2, -2*l + a + 4 = -3*l. List the prime factors of l/(4/(-38)) + 3.
2, 11
What are the prime factors of 864/(-1512) + (-26912)/(-7)?
2, 31
Let i be -3*(-8 + 0 + -1). Suppose -i = -j - 1. Suppose 2*n - 2*b = j, 3*b + 4 + 50 = 4*n. What are the prime factors of n?
3, 5
Let j(g) be the second derivative of g**5/20 - g**4/4 - g**3/2 + g**2 - 19*g. List the prime factors of j(4).
2, 3
Let j be -2 + 9 + 1 + 3. Suppose k - 16 - j = 0. What are the prime factors of k?
3
Suppose -15*j - 675 = -18*j. List the prime factors of 2/(-4) + j/18.
2, 3
Suppose 12*r - 9*r + 546 = 0. Let h = -85 - r. What are the prime factors of h?
97
Let x = 22 - 7. What are the prime factors of 2/(-6) - (12760/x)/(-8)?
2, 53
Let i(h) = 56*h**2 -